{"id":181,"date":"2020-03-24T16:51:37","date_gmt":"2020-03-24T16:51:37","guid":{"rendered":"http:\/\/bieler-akademie.de\/?page_id=181"},"modified":"2020-04-01T16:30:03","modified_gmt":"2020-04-01T16:30:03","slug":"jola-shkodrani-violoncello","status":"publish","type":"page","link":"https:\/\/bieler-akademie.de\/?page_id=181","title":{"rendered":"Jola Shkodrani, Violoncello"},"content":{"rendered":"<p>[et_pb_section fb_built=&#8220;1&#8243; _builder_version=&#8220;4.4.1&#8243; custom_padding=&#8220;0px|||||&#8220;][et_pb_row _builder_version=&#8220;4.4.1&#8243; background_color=&#8220;#000000&#8243; width=&#8220;90%&#8220; custom_margin=&#8220;0px||||false|false&#8220; custom_padding=&#8220;6px||6px|0px|false|false&#8220;][et_pb_column type=&#8220;4_4&#8243; _builder_version=&#8220;4.4.1&#8243;][et_pb_image src=&#8220;http:\/\/bieler-akademie.de\/wp-content\/uploads\/2020\/03\/Ida-Bieler-dozenten.jpg&#8220; align=&#8220;center&#8220; _builder_version=&#8220;4.4.1&#8243; width=&#8220;99%&#8220; hover_enabled=&#8220;0&#8243; border_width_all=&#8220;12px&#8220; border_color_all=&#8220;#ffffff&#8220; disabled_on=&#8220;on|off|off&#8220;][\/et_pb_image][\/et_pb_column][\/et_pb_row][et_pb_row column_structure=&#8220;1_4,3_4&#8243; _builder_version=&#8220;4.4.1&#8243; custom_padding=&#8220;50px|||||&#8220;][et_pb_column type=&#8220;1_4&#8243; _builder_version=&#8220;4.4.1&#8243;][et_pb_sidebar _builder_version=&#8220;4.4.1&#8243;][\/et_pb_sidebar][et_pb_sidebar area=&#8220;et_pb_widget_area_1&#8243; disabled_on=&#8220;on|on|off&#8220; _builder_version=&#8220;4.4.1&#8243; header_font=&#8220;|600|||||||&#8220; header_text_color=&#8220;#000000&#8243; header_line_height=&#8220;1.5em&#8220; body_text_color=&#8220;#000000&#8243; body_line_height=&#8220;2.4em&#8220; width_tablet=&#8220;auto&#8220; width_phone=&#8220;&#8220; width_last_edited=&#8220;on|tablet&#8220; border_color_left=&#8220;#bf354c&#8220;][\/et_pb_sidebar][\/et_pb_column][et_pb_column type=&#8220;3_4&#8243; _builder_version=&#8220;4.4.1&#8243;][et_pb_text _builder_version=&#8220;4.4.1&#8243; max_width_tablet=&#8220;100%&#8220; max_width_phone=&#8220;&#8220; max_width_last_edited=&#8220;on|tablet&#8220; module_alignment=&#8220;left&#8220;]<\/p>\n<h1>Jola Shkodrani, Violoncello<\/h1>\n<p>[\/et_pb_text][et_pb_image src=&#8220;http:\/\/bieler-akademie.de\/wp-content\/uploads\/2020\/03\/jola_shkodrani.jpg&#8220; _builder_version=&#8220;4.4.1&#8243; width=&#8220;100%&#8220; max_width=&#8220;296px&#8220;][\/et_pb_image][et_pb_text _builder_version=&#8220;4.4.1&#8243;]<\/p>\n<p style=\"text-align: justify;\">Die Cellistin Jola Shkodrani wurde 1988 in Tirana\/Albanien geboren. Von 1995 bis 2007 studierte sie an der Kunstschule \u201eJordan Misja\u201c in Tirana bei Prof. Xhovalin Lasri, Astrit Selita und Dorina Laro.<\/p>\n<p style=\"text-align: justify;\">Ab 2007 studierte sie an der Folkwang Universit\u00e4t der K\u00fcnste bei Prof. Alexander H\u00fclshoff. 2013 erhielt Sie ihr Diplom und studiert zur Zeit ihren Solo Master an der Hochschule f\u00fcr Musik und Tanz in K\u00f6ln bei Prof. Hans Christian Schweiker.<\/p>\n<p style=\"text-align: justify;\">Kammermusikalische Impulse erhielt Sie von Andreas Reiner, Mathias Diener, Anthony Spiri und Harald Schoneweg. Jola Shkodrani besuchte Meisterkursen bei Martin Ostertag, Leonid Gorokhov, Truls Svane, Alain Meunier, Arto Noras, und dem Minguett Quartett.<\/p>\n<p style=\"text-align: justify;\">Sie spielte als Orchestermusikerin und solistisch mit den Jungen Virtuosen von Tirana, dem European Orchestra of Youth Spirit und den \u201eYovenes de Murcia\u201c,Jungen Tonk\u00fcnstler Orchester.Ausserdem spielte Sie als Aushilfe mit dem Folkwang Kammer Orchester , Klassiche Philarmonie Bonn. Im Juli 2014 spielte Jola Shkodrani mit dem Ravenna Festival Orchester unter der Leitung von Riccardo Muti.<\/p>\n<p style=\"text-align: justify;\">Jola Shkodrani ist mehrfache Preistr\u00e4gerin von nationalen und internationalen Wettbewerben; so gewann sie den ersten Preis beim internationalen Wettbewerb \u201ePjeter Gaci\u201c in Shkodra\/Albanien, den \u201eSpezial Preis\u201c beim \u201eMoxartiana\u201c Wettbewerb in Skopje\/Mazedonien, den zweiten Preis beim nationalen Wettbewerb f\u00fcr Kammermusik in Tirana und erste, zweite und dritte Preise beim internationalen Wettbewerb \u201eLieder der Erde\u201c in Tirana.<\/p>\n<p style=\"text-align: justify;\">Seit 2010 ist sie Stipendiatin der \u201eAlbert-Eckstein Stiftung\u201c, diese stellt ihr ein Cello von Anton Haff (1852) zur Verf\u00fcgung.Im Jahre 2013 ist sie Stipendiatin des Deutschlandstipendium des Bundesministeriums f\u00fcr Bildung und Forschung gewesen .<\/p>\n<p style=\"text-align: justify;\">Solistisch gab sie Konzerte in Albanien, Deutschland, Frankreich und Italien.Sie ist Mitglied des Kammermusikensembles &#8222;Vivazza&#8220; und bildet ein Violoncello-Duo mit Bernhard Rath (K\u00f6ln).<\/p>\n<p style=\"text-align: justify;\">Sie unterrichtete in mehreren Musikschulen in Deutschland und ist seit September 2015 Dozentin an der Ida Bieler Music Academy.\u00a0<\/p>\n<p>[\/et_pb_text][\/et_pb_column][\/et_pb_row][\/et_pb_section]<\/p>\n","protected":false},"excerpt":{"rendered":"<p>Jola Shkodrani, VioloncelloDie Cellistin Jola Shkodrani wurde 1988 in Tirana\/Albanien geboren. Von 1995 bis 2007 studierte sie an der Kunstschule \u201eJordan Misja\u201c in Tirana bei Prof. Xhovalin Lasri, Astrit Selita und Dorina Laro. Ab 2007 studierte sie an der Folkwang Universit\u00e4t der K\u00fcnste bei Prof. Alexander H\u00fclshoff. 2013 erhielt Sie ihr Diplom und studiert zur [&hellip;]<\/p>\n","protected":false},"author":1,"featured_media":0,"parent":0,"menu_order":0,"comment_status":"closed","ping_status":"closed","template":"","meta":{"_et_pb_use_builder":"on","_et_pb_old_content":"","_et_gb_content_width":"","footnotes":""},"_links":{"self":[{"href":"https:\/\/bieler-akademie.de\/index.php?rest_route=\/wp\/v2\/pages\/181"}],"collection":[{"href":"https:\/\/bieler-akademie.de\/index.php?rest_route=\/wp\/v2\/pages"}],"about":[{"href":"https:\/\/bieler-akademie.de\/index.php?rest_route=\/wp\/v2\/types\/page"}],"author":[{"embeddable":true,"href":"https:\/\/bieler-akademie.de\/index.php?rest_route=\/wp\/v2\/users\/1"}],"replies":[{"embeddable":true,"href":"https:\/\/bieler-akademie.de\/index.php?rest_route=%2Fwp%2Fv2%2Fcomments&post=181"}],"version-history":[{"count":5,"href":"https:\/\/bieler-akademie.de\/index.php?rest_route=\/wp\/v2\/pages\/181\/revisions"}],"predecessor-version":[{"id":720,"href":"https:\/\/bieler-akademie.de\/index.php?rest_route=\/wp\/v2\/pages\/181\/revisions\/720"}],"wp:attachment":[{"href":"https:\/\/bieler-akademie.de\/index.php?rest_route=%2Fwp%2Fv2%2Fmedia&parent=181"}],"curies":[{"name":"wp","href":"https:\/\/api.w.org\/{rel}","templated":true}]}}