{"id":22,"date":"2020-03-23T09:43:24","date_gmt":"2020-03-23T09:43:24","guid":{"rendered":"http:\/\/bieler-akademie.de\/?page_id=22"},"modified":"2020-04-01T16:36:31","modified_gmt":"2020-04-01T16:36:31","slug":"ueber-uns","status":"publish","type":"page","link":"https:\/\/bieler-akademie.de\/?page_id=22","title":{"rendered":"\u00dcber uns"},"content":{"rendered":"<p>[et_pb_section fb_built=&#8220;1&#8243; _builder_version=&#8220;4.4.1&#8243; custom_padding=&#8220;0px||0px|||&#8220;][et_pb_row _builder_version=&#8220;4.4.1&#8243; background_color=&#8220;#000000&#8243; width=&#8220;90%&#8220; custom_margin=&#8220;0px||||false|false&#8220; custom_padding=&#8220;6px||6px|0px|false|false&#8220;][et_pb_column type=&#8220;4_4&#8243; _builder_version=&#8220;4.4.1&#8243;][et_pb_image src=&#8220;http:\/\/bieler-akademie.de\/wp-content\/uploads\/2020\/03\/Ida-Bieler-home3.jpg&#8220; align=&#8220;center&#8220; _builder_version=&#8220;4.4.1&#8243; width=&#8220;99%&#8220; hover_enabled=&#8220;0&#8243; border_width_all=&#8220;12px&#8220; border_color_all=&#8220;#ffffff&#8220; disabled_on=&#8220;on|off|off&#8220;][\/et_pb_image][\/et_pb_column][\/et_pb_row][\/et_pb_section][et_pb_section fb_built=&#8220;1&#8243; _builder_version=&#8220;4.4.1&#8243; custom_padding=&#8220;0px|||||&#8220;][et_pb_row column_structure=&#8220;1_4,3_4&#8243; _builder_version=&#8220;4.4.1&#8243; min_height=&#8220;1352px&#8220;][et_pb_column type=&#8220;1_4&#8243; _builder_version=&#8220;4.4.1&#8243;][et_pb_sidebar area=&#8220;et_pb_widget_area_2&#8243; _builder_version=&#8220;4.4.1&#8243; body_font_size=&#8220;16px&#8220; body_line_height=&#8220;2em&#8220; custom_padding=&#8220;||0px|||&#8220;][\/et_pb_sidebar][\/et_pb_column][et_pb_column type=&#8220;3_4&#8243; _builder_version=&#8220;4.4.1&#8243;][et_pb_text _builder_version=&#8220;4.4.1&#8243; header_2_font=&#8220;|700|||||||&#8220; header_2_font_size=&#8220;24px&#8220; header_2_line_height=&#8220;1.2em&#8220; header_3_font=&#8220;|600|||||||&#8220; header_3_font_size=&#8220;20px&#8220;]<\/p>\n<h2 style=\"text-align: justify;\">Unsere Musikschule<\/h2>\n<p style=\"text-align: justify;\">F\u00fcr Kinder und Erwachsene geh\u00f6rt das Musizieren zu den gr\u00f6\u00dften Freuden.<\/p>\n<p style=\"text-align: justify;\">Unsere qualifizierte Musikschule mit dem Namen und mit der Unterst\u00fctzung der ber\u00fchmten\u00a0Geigerin Prof. Ida Bieler bietet Ihnen und Ihren Kindern die M\u00f6glichkeit, die Welt der\u00a0Instrumente und Musik zu entdecken.<\/p>\n<p style=\"text-align: justify;\">Unsere exzellenten und vielfach ausgezeichneten Musiklehrer helfen individuell Ihnen und Ihrem Kind, das gew\u00fcnschte Instrument zu erlernen und zu beherrschen. Die Musiker unseres Teams verf\u00fcgen \u00fcber die Qualifikation, Ihr Kind von der Anfangsstufe bis zur Vorbereitung auf ein Musikstudium zu betreuen. Wir unterrichten nach einem bew\u00e4hrten Konzept, das in Zusammenarbeit mit Prof. Ida Bieler erarbeitet wurde.<\/p>\n<h3 style=\"text-align: justify;\">Studienangebot, Konzerte und Meisterkurse<\/h3>\n<p style=\"text-align: justify;\">F\u00fcr die Motivation und die Musizierfreude der Sch\u00fcler ist das gemeinsame Musizieren von gro\u00dfer Bedeutung. Wir f\u00fchren die Sch\u00fcler so fr\u00fch wie m\u00f6glich im Orchester und in Ensembles\u00a0 zusammen &#8211; schon die Allerj\u00fcngsten treffen sich regelm\u00e4\u00dfig auf \u201eSuzuki-Partys\u201c.<\/p>\n<p style=\"text-align: justify;\">Neben den gro\u00dfen \u00f6ffentlichen Konzerten des Streichorchesters finden zahlreiche Vorspiele im Kammermusiksaal der Musikschule und in Schulen, Altenheimen und Krankenh\u00e4usern statt.<\/p>\n<p style=\"text-align: justify;\">Ein wichtiger Bestandteil unseres Unterrichtsangebots sind Kurse in Musiktheorie, Geh\u00f6rbildung und Musikgeschichte.<\/p>\n<p style=\"text-align: justify;\">Als besonderes Extra bieten wir unseren Sch\u00fclern die M\u00f6glichkeit, in Meisterkursen von Prof.<span>\u00a0<\/span><a href=\"http:\/\/www.idabieler.com\/\" target=\"_blank\" rel=\"noopener noreferrer\">Ida Bieler<\/a>, Prof.<span>\u00a0<\/span><a href=\"http:\/\/www.ninatichman.com\/\" target=\"_blank\" rel=\"noopener noreferrer\">Nina Tichman<\/a>\u00a0und anderen renommierten Musikern und Professoren deutscher Hochschulen unterrichtet zu werden.<\/p>\n<p style=\"text-align: justify;\">Wir m\u00f6chten Sie herzlich einladen, in einer kostenlosen Probestunde unsere Dozenten kennenzulernen.<\/p>\n<p>[\/et_pb_text][et_pb_gallery gallery_ids=&#8220;99,100&#8243; posts_number=&#8220;2&#8243; orientation=&#8220;portrait&#8220; show_title_and_caption=&#8220;off&#8220; show_pagination=&#8220;off&#8220; _builder_version=&#8220;4.4.1&#8243; width=&#8220;70%&#8220;][\/et_pb_gallery][et_pb_text _builder_version=&#8220;4.4.1&#8243; header_2_font=&#8220;|700|||||||&#8220; header_2_font_size=&#8220;24px&#8220; header_2_line_height=&#8220;1.2em&#8220; header_3_font=&#8220;|600|||||||&#8220; header_3_font_size=&#8220;20px&#8220;]<\/p>\n<h3>Professor Ida Bieler<\/h3>\n<p>F\u00fcr die renommierte Violinistin und P\u00e4dagogin, Prof. Ida Bieler hat die Nachwuchsf\u00f6rderung\u00a0einen besonders hohen Stellenwert. Zwischen\u00a0Konzertkarriere und Betreuung einer Meisterklasse\u00a0an der Hochschule findet sie immer wieder Zeit f\u00fcr\u00a0die j\u00fcngsten Sch\u00fcler.<\/p>\n<p>[\/et_pb_text][\/et_pb_column][\/et_pb_row][\/et_pb_section]<\/p>\n","protected":false},"excerpt":{"rendered":"<p>Unsere Musikschule F\u00fcr Kinder und Erwachsene geh\u00f6rt das Musizieren zu den gr\u00f6\u00dften Freuden. Unsere qualifizierte Musikschule mit dem Namen und mit der Unterst\u00fctzung der ber\u00fchmten\u00a0Geigerin Prof. Ida Bieler bietet Ihnen und Ihren Kindern die M\u00f6glichkeit, die Welt der\u00a0Instrumente und Musik zu entdecken. Unsere exzellenten und vielfach ausgezeichneten Musiklehrer helfen individuell Ihnen und Ihrem Kind, das [&hellip;]<\/p>\n","protected":false},"author":1,"featured_media":0,"parent":0,"menu_order":0,"comment_status":"closed","ping_status":"closed","template":"","meta":{"_et_pb_use_builder":"on","_et_pb_old_content":"","_et_gb_content_width":"","footnotes":""},"_links":{"self":[{"href":"https:\/\/bieler-akademie.de\/index.php?rest_route=\/wp\/v2\/pages\/22"}],"collection":[{"href":"https:\/\/bieler-akademie.de\/index.php?rest_route=\/wp\/v2\/pages"}],"about":[{"href":"https:\/\/bieler-akademie.de\/index.php?rest_route=\/wp\/v2\/types\/page"}],"author":[{"embeddable":true,"href":"https:\/\/bieler-akademie.de\/index.php?rest_route=\/wp\/v2\/users\/1"}],"replies":[{"embeddable":true,"href":"https:\/\/bieler-akademie.de\/index.php?rest_route=%2Fwp%2Fv2%2Fcomments&post=22"}],"version-history":[{"count":12,"href":"https:\/\/bieler-akademie.de\/index.php?rest_route=\/wp\/v2\/pages\/22\/revisions"}],"predecessor-version":[{"id":743,"href":"https:\/\/bieler-akademie.de\/index.php?rest_route=\/wp\/v2\/pages\/22\/revisions\/743"}],"wp:attachment":[{"href":"https:\/\/bieler-akademie.de\/index.php?rest_route=%2Fwp%2Fv2%2Fmedia&parent=22"}],"curies":[{"name":"wp","href":"https:\/\/api.w.org\/{rel}","templated":true}]}}

Über uns

<p>[et_pb_section fb_built=&#8220;1&#8243; _builder_version=&#8220;4.4.1&#8243; custom_padding=&#8220;0px||0px|||&#8220;][et_pb_row _builder_version=&#8220;4.4.1&#8243; background_color=&#8220;#000000&#8243; width=&#8220;90%&#8220; custom_margin=&#8220;0px||||false|false&#8220; custom_padding=&#8220;6px||6px|0px|false|false&#8220;][et_pb_column type=&#8220;4_4&#8243; _builder_version=&#8220;4.4.1&#8243;][et_pb_image src=&#8220;http://bieler-akademie.de/wp-content/uploads/2020/03/Ida-Bieler-home3.jpg&#8220; align=&#8220;center&#8220; _builder_version=&#8220;4.4.1&#8243; width=&#8220;99%&#8220; hover_enabled=&#8220;0&#8243; border_width_all=&#8220;12px&#8220; border_color_all=&#8220;#ffffff&#8220; disabled_on=&#8220;on|off|off&#8220;][/et_pb_image][/et_pb_column][/et_pb_row][/et_pb_section][et_pb_section fb_built=&#8220;1&#8243; _builder_version=&#8220;4.4.1&#8243; custom_padding=&#8220;0px|||||&#8220;][et_pb_row column_structure=&#8220;1_4,3_4&#8243; _builder_version=&#8220;4.4.1&#8243; min_height=&#8220;1352px&#8220;][et_pb_column type=&#8220;1_4&#8243; _builder_version=&#8220;4.4.1&#8243;][et_pb_sidebar area=&#8220;et_pb_widget_area_2&#8243; _builder_version=&#8220;4.4.1&#8243; body_font_size=&#8220;16px&#8220; body_line_height=&#8220;2em&#8220; custom_padding=&#8220;||0px|||&#8220;][/et_pb_sidebar][/et_pb_column][et_pb_column type=&#8220;3_4&#8243; _builder_version=&#8220;4.4.1&#8243;][et_pb_text _builder_version=&#8220;4.4.1&#8243; header_2_font=&#8220;|700|||||||&#8220; header_2_font_size=&#8220;24px&#8220; header_2_line_height=&#8220;1.2em&#8220; header_3_font=&#8220;|600|||||||&#8220; header_3_font_size=&#8220;20px&#8220;]</p>
<h2 style="text-align: justify;">Unsere Musikschule</h2>
<p style="text-align: justify;">Für Kinder und Erwachsene gehört das Musizieren zu den größten Freuden.</p>
<p style="text-align: justify;">Unsere qualifizierte Musikschule mit dem Namen und mit der Unterstützung der berühmten Geigerin Prof. Ida Bieler bietet Ihnen und Ihren Kindern die Möglichkeit, die Welt der Instrumente und Musik zu entdecken.</p>
<p style="text-align: justify;">Unsere exzellenten und vielfach ausgezeichneten Musiklehrer helfen individuell Ihnen und Ihrem Kind, das gewünschte Instrument zu erlernen und zu beherrschen. Die Musiker unseres Teams verfügen über die Qualifikation, Ihr Kind von der Anfangsstufe bis zur Vorbereitung auf ein Musikstudium zu betreuen. Wir unterrichten nach einem bewährten Konzept, das in Zusammenarbeit mit Prof. Ida Bieler erarbeitet wurde.</p>
<h3 style="text-align: justify;">Studienangebot, Konzerte und Meisterkurse</h3>
<p style="text-align: justify;">Für die Motivation und die Musizierfreude der Schüler ist das gemeinsame Musizieren von großer Bedeutung. Wir führen die Schüler so früh wie möglich im Orchester und in Ensembles  zusammen &#8211; schon die Allerjüngsten treffen sich regelmäßig auf „Suzuki-Partys“.</p>
<p style="text-align: justify;">Neben den großen öffentlichen Konzerten des Streichorchesters finden zahlreiche Vorspiele im Kammermusiksaal der Musikschule und in Schulen, Altenheimen und Krankenhäusern statt.</p>
<p style="text-align: justify;">Ein wichtiger Bestandteil unseres Unterrichtsangebots sind Kurse in Musiktheorie, Gehörbildung und Musikgeschichte.</p>
<p style="text-align: justify;">Als besonderes Extra bieten wir unseren Schülern die Möglichkeit, in Meisterkursen von Prof.<span> </span><a href="http://www.idabieler.com/" target="_blank" rel="noopener noreferrer">Ida Bieler</a>, Prof.<span> </span><a href="http://www.ninatichman.com/" target="_blank" rel="noopener noreferrer">Nina Tichman</a> und anderen renommierten Musikern und Professoren deutscher Hochschulen unterrichtet zu werden.</p>
<p style="text-align: justify;">Wir möchten Sie herzlich einladen, in einer kostenlosen Probestunde unsere Dozenten kennenzulernen.</p>
<p>[/et_pb_text][et_pb_gallery gallery_ids=&#8220;99,100&#8243; posts_number=&#8220;2&#8243; orientation=&#8220;portrait&#8220; show_title_and_caption=&#8220;off&#8220; show_pagination=&#8220;off&#8220; _builder_version=&#8220;4.4.1&#8243; width=&#8220;70%&#8220;][/et_pb_gallery][et_pb_text _builder_version=&#8220;4.4.1&#8243; header_2_font=&#8220;|700|||||||&#8220; header_2_font_size=&#8220;24px&#8220; header_2_line_height=&#8220;1.2em&#8220; header_3_font=&#8220;|600|||||||&#8220; header_3_font_size=&#8220;20px&#8220;]</p>
<h3>Professor Ida Bieler</h3>
<p>Für die renommierte Violinistin und Pädagogin, Prof. Ida Bieler hat die Nachwuchsförderung einen besonders hohen Stellenwert. Zwischen Konzertkarriere und Betreuung einer Meisterklasse an der Hochschule findet sie immer wieder Zeit für die jüngsten Schüler.</p>
<p>[/et_pb_text][/et_pb_column][/et_pb_row][/et_pb_section]</p>

<p>Unsere Musikschule Für Kinder und Erwachsene gehört das Musizieren zu den größten Freuden. Unsere qualifizierte Musikschule mit dem Namen und mit der Unterstützung der berühmten Geigerin Prof. Ida Bieler bietet Ihnen und Ihren Kindern die Möglichkeit, die Welt der Instrumente und Musik zu entdecken. Unsere exzellenten und vielfach ausgezeichneten Musiklehrer helfen individuell Ihnen und Ihrem Kind, das [&hellip;]</p>
