{"id":222,"date":"2020-03-25T15:22:14","date_gmt":"2020-03-25T15:22:14","guid":{"rendered":"http:\/\/bieler-akademie.de\/?page_id=222"},"modified":"2024-10-22T19:35:42","modified_gmt":"2024-10-22T19:35:42","slug":"miguel-mandelli-gitarre","status":"publish","type":"page","link":"https:\/\/bieler-akademie.de\/?page_id=222","title":{"rendered":"Miguel Mandelli, Gitarre"},"content":{"rendered":"<p>[et_pb_section fb_built=&#8220;1&#8243; _builder_version=&#8220;4.16&#8243; custom_padding=&#8220;0px|||||&#8220; global_colors_info=&#8220;{}&#8220;][et_pb_row _builder_version=&#8220;4.16&#8243; background_color=&#8220;#000000&#8243; width=&#8220;90%&#8220; custom_margin=&#8220;0px||||false|false&#8220; custom_padding=&#8220;6px||6px|0px|false|false&#8220; global_colors_info=&#8220;{}&#8220;][et_pb_column type=&#8220;4_4&#8243; _builder_version=&#8220;4.16&#8243; global_colors_info=&#8220;{}&#8220;][et_pb_image src=&#8220;https:\/\/bieler-akademie.de\/wp-content\/uploads\/2020\/03\/Ida-Bieler-dozenten.jpg&#8220; align=&#8220;center&#8220; disabled_on=&#8220;on|off|off&#8220; _builder_version=&#8220;4.16&#8243; width=&#8220;99%&#8220; border_width_all=&#8220;12px&#8220; border_color_all=&#8220;#ffffff&#8220; global_colors_info=&#8220;{}&#8220;][\/et_pb_image][\/et_pb_column][\/et_pb_row][et_pb_row column_structure=&#8220;1_4,3_4&#8243; _builder_version=&#8220;4.16&#8243; custom_padding=&#8220;50px|||||&#8220; global_colors_info=&#8220;{}&#8220;][et_pb_column type=&#8220;1_4&#8243; _builder_version=&#8220;4.16&#8243; global_colors_info=&#8220;{}&#8220;][et_pb_sidebar _builder_version=&#8220;4.16&#8243; global_colors_info=&#8220;{}&#8220;][\/et_pb_sidebar][et_pb_sidebar area=&#8220;et_pb_widget_area_1&#8243; disabled_on=&#8220;on|on|off&#8220; _builder_version=&#8220;4.16&#8243; header_font=&#8220;|600|||||||&#8220; header_text_color=&#8220;#000000&#8243; header_line_height=&#8220;1.5em&#8220; body_text_color=&#8220;#000000&#8243; body_line_height=&#8220;2.4em&#8220; width_tablet=&#8220;auto&#8220; width_phone=&#8220;&#8220; width_last_edited=&#8220;on|tablet&#8220; border_color_left=&#8220;#bf354c&#8220; global_colors_info=&#8220;{}&#8220;][\/et_pb_sidebar][\/et_pb_column][et_pb_column type=&#8220;3_4&#8243; _builder_version=&#8220;4.16&#8243; global_colors_info=&#8220;{}&#8220;][et_pb_text _builder_version=&#8220;4.16&#8243; max_width_tablet=&#8220;100%&#8220; max_width_phone=&#8220;&#8220; max_width_last_edited=&#8220;on|tablet&#8220; module_alignment=&#8220;left&#8220; global_colors_info=&#8220;{}&#8220;]<\/p>\n<h1>Miguel Mandelli, Gitarre<\/h1>\n<p>[\/et_pb_text][et_pb_image src=&#8220;https:\/\/bieler-akademie.de\/wp-content\/uploads\/2020\/03\/Miguel-Mandelli.jpg&#8220; _builder_version=&#8220;4.16&#8243; width=&#8220;100%&#8220; max_width=&#8220;296px&#8220; global_colors_info=&#8220;{}&#8220;][\/et_pb_image][et_pb_text _builder_version=&#8220;4.27.2&#8243; hover_enabled=&#8220;0&#8243; global_colors_info=&#8220;{}&#8220; sticky_enabled=&#8220;0&#8243; custom_padding=&#8220;||0px|||&#8220;]<\/p>\n<p style=\"text-align: justify;\">Der 1995 in Florian\u00f3polis\/Brasilien geborene Miguel Mandelli, ein internationaler klassischer Gitarrist und Gitarrenlehrer ist <span>1. Preistr\u00e4ger von drei nationalen Sologitarren- Wettbewerben, drei nationalen Kammermusik-Wettbewerben in Brasilien, Gewinner von 3 internationalen Wettbewerben, einer davon der renommierte XX Enrico Mercatalli Gorizia international Guitar competition. Er erhielt auch den Villa-Lobos Preis f\u00fcr die beste Interpretation eines Werkes von Heitor Villa-Lobos in dem XXX Koblenz International Guitar Competition, und war Finalist in vielen weiteren Wettbewerben.<\/span><\/p>\n<p><span>Solo-Konzerte gab Miguel in Brasilien, Argentinien, Irland, England, Italien, \u00d6sterreich, Deutschland, Kroatien, Holland und Tschechien.<\/span><\/p>\n<p><span>Miguel Mandelli studierte bei Angela Muner (BRA), Edson Lopes (BRA),Petra Polackova (CZE) und Hubert K\u00e4ppel(DE). Er hat als erste Gitarre im Gitarrenorchester von Tatu\u00ed (Sao Paulo) w\u00e4hrend 3 Jahren gespielt. Miguel studiert jetzt bei Gerhard Reichenbach, Professor an der Musikhochschule K\u00f6ln.<\/span><\/p>\n<p>Das Unterrichten begleitete immer Miguels Solokarriere. Er begann damit im Alter von <span>17 Jahren als Betreuer von neuen Sch\u00fclern am Internationalen Konservatorium von Tatu\u00ed (Sao Paulo). In Irland (2015) hat Miguel Musik f\u00fcr Kinder und Menschen mit besonderen Bed\u00fcrfnissen unterrichtet, wo er neben dem Musiktherapeuten John Clark (Schottland) arbeitete. Er gab w\u00e4hrend des Studiums Privatunterricht in Italien in Rom und Florenz sowie in Graz in \u00d6sterreich.<\/span><\/p>\n<p>\u201e<span><em>Unterrichten ist f\u00fcr mich wahrscheinlich der wichtigste Beruf, den es gibt, und mit seiner Bedeutung geht auch seine Verantwortung einher. Von Kindern bis zu Erwachsenen, das Alter spielt keine Rolle. Ich finde es einfach gro\u00dfartig, alles geben zu k\u00f6nnen, was ich gelernt habe, und mehr zu lernen, indem ich verschiedene Leute treffe und unterrichte!<\/em><\/span>\u201c<\/p>\n<p>Aktuell unterrichtet Miguel Mandelli an der \u00f6ffentlichen Musikschule Sankt Augustin (Fachbereichsleiter f\u00fcr Zupfinstrumente), an der Rheinischen Musikschule in K\u00f6ln und an der Ida Bieler Music Academy.<\/p>\n<p>[\/et_pb_text][\/et_pb_column][\/et_pb_row][\/et_pb_section]<\/p>\n","protected":false},"excerpt":{"rendered":"<p>Miguel Mandelli, GitarreDer 1995 in Florian\u00f3polis\/Brasilien geborene Miguel Mandelli, ein internationaler klassischer Gitarrist und Gitarrenlehrer ist 1. Preistr\u00e4ger von drei nationalen Sologitarren- Wettbewerben, drei nationalen Kammermusik-Wettbewerben in Brasilien, Gewinner von 3 internationalen Wettbewerben, einer davon der renommierte XX Enrico Mercatalli Gorizia international Guitar competition. Er erhielt auch den Villa-Lobos Preis f\u00fcr die beste Interpretation eines [&hellip;]<\/p>\n","protected":false},"author":1,"featured_media":0,"parent":0,"menu_order":0,"comment_status":"closed","ping_status":"closed","template":"","meta":{"_et_pb_use_builder":"on","_et_pb_old_content":"","_et_gb_content_width":"","footnotes":""},"_links":{"self":[{"href":"https:\/\/bieler-akademie.de\/index.php?rest_route=\/wp\/v2\/pages\/222"}],"collection":[{"href":"https:\/\/bieler-akademie.de\/index.php?rest_route=\/wp\/v2\/pages"}],"about":[{"href":"https:\/\/bieler-akademie.de\/index.php?rest_route=\/wp\/v2\/types\/page"}],"author":[{"embeddable":true,"href":"https:\/\/bieler-akademie.de\/index.php?rest_route=\/wp\/v2\/users\/1"}],"replies":[{"embeddable":true,"href":"https:\/\/bieler-akademie.de\/index.php?rest_route=%2Fwp%2Fv2%2Fcomments&post=222"}],"version-history":[{"count":6,"href":"https:\/\/bieler-akademie.de\/index.php?rest_route=\/wp\/v2\/pages\/222\/revisions"}],"predecessor-version":[{"id":972,"href":"https:\/\/bieler-akademie.de\/index.php?rest_route=\/wp\/v2\/pages\/222\/revisions\/972"}],"wp:attachment":[{"href":"https:\/\/bieler-akademie.de\/index.php?rest_route=%2Fwp%2Fv2%2Fmedia&parent=222"}],"curies":[{"name":"wp","href":"https:\/\/api.w.org\/{rel}","templated":true}]}}