{"id":228,"date":"2020-03-25T15:28:24","date_gmt":"2020-03-25T15:28:24","guid":{"rendered":"http:\/\/bieler-akademie.de\/?page_id=228"},"modified":"2025-04-27T08:38:05","modified_gmt":"2025-04-27T08:38:05","slug":"francisco-c-goldschmidt-gitarre-theorie-solfege-und-komposition","status":"publish","type":"page","link":"https:\/\/bieler-akademie.de\/?page_id=228","title":{"rendered":"Roberta Mercorio, Gitarre"},"content":{"rendered":"<p>[et_pb_section fb_built=&#8220;1&#8243; _builder_version=&#8220;4.16&#8243; custom_padding=&#8220;0px|||||&#8220; global_colors_info=&#8220;{}&#8220;][et_pb_row _builder_version=&#8220;4.16&#8243; background_color=&#8220;#000000&#8243; width=&#8220;90%&#8220; custom_margin=&#8220;0px||||false|false&#8220; custom_padding=&#8220;6px||6px|0px|false|false&#8220; global_colors_info=&#8220;{}&#8220;][et_pb_column type=&#8220;4_4&#8243; _builder_version=&#8220;4.16&#8243; global_colors_info=&#8220;{}&#8220;][et_pb_image src=&#8220;https:\/\/bieler-akademie.de\/wp-content\/uploads\/2020\/03\/Ida-Bieler-dozenten.jpg&#8220; align=&#8220;center&#8220; disabled_on=&#8220;on|off|off&#8220; _builder_version=&#8220;4.16&#8243; width=&#8220;99%&#8220; border_width_all=&#8220;12px&#8220; border_color_all=&#8220;#ffffff&#8220; global_colors_info=&#8220;{}&#8220;][\/et_pb_image][\/et_pb_column][\/et_pb_row][et_pb_row column_structure=&#8220;1_4,3_4&#8243; _builder_version=&#8220;4.16&#8243; custom_padding=&#8220;50px|||||&#8220; global_colors_info=&#8220;{}&#8220;][et_pb_column type=&#8220;1_4&#8243; _builder_version=&#8220;4.16&#8243; global_colors_info=&#8220;{}&#8220;][et_pb_sidebar _builder_version=&#8220;4.16&#8243; global_colors_info=&#8220;{}&#8220;][\/et_pb_sidebar][et_pb_sidebar area=&#8220;et_pb_widget_area_1&#8243; disabled_on=&#8220;on|on|off&#8220; _builder_version=&#8220;4.16&#8243; header_font=&#8220;|600|||||||&#8220; header_text_color=&#8220;#000000&#8243; header_line_height=&#8220;1.5em&#8220; body_text_color=&#8220;#000000&#8243; body_line_height=&#8220;2.4em&#8220; width_tablet=&#8220;auto&#8220; width_phone=&#8220;&#8220; width_last_edited=&#8220;on|tablet&#8220; border_color_left=&#8220;#bf354c&#8220; global_colors_info=&#8220;{}&#8220;][\/et_pb_sidebar][\/et_pb_column][et_pb_column type=&#8220;3_4&#8243; _builder_version=&#8220;4.16&#8243; global_colors_info=&#8220;{}&#8220;][et_pb_text _builder_version=&#8220;4.27.4&#8243; max_width_tablet=&#8220;100%&#8220; max_width_phone=&#8220;&#8220; max_width_last_edited=&#8220;on|tablet&#8220; module_alignment=&#8220;left&#8220; hover_enabled=&#8220;0&#8243; global_colors_info=&#8220;{}&#8220; sticky_enabled=&#8220;0&#8243;]<\/p>\n<h1>Roberta Mercorio, Gitarre<\/h1>\n<p>[\/et_pb_text][et_pb_image src=&#8220;https:\/\/bieler-akademie.de\/wp-content\/uploads\/2025\/04\/Roberta-Mercorio-Foto.jpg&#8220; alt=&#8220;Roberta Mercorio&#8220; title_text=&#8220;Roberta-Mercorio-Foto&#8220; _builder_version=&#8220;4.27.4&#8243; width=&#8220;100%&#8220; max_width=&#8220;296px&#8220; global_colors_info=&#8220;{}&#8220;][\/et_pb_image][et_pb_text _builder_version=&#8220;4.27.4&#8243; global_colors_info=&#8220;{}&#8220;]<\/p>\n<p style=\"text-align: justify;\"><span>Roberta Mercorio wurde im Jahr 1999 in Caserta geboren. Sie begann ihr Musikstudium mit 10 Jahren bei <strong>Corrado Videtta<\/strong>. Sie setzte ihr Studium am Liceo Musicale Luigi Garofano in Capua (CE) fort, wo sie unter der Leitung von <strong>Giancarlo Perna <\/strong>2017 ihr Diplom mit &#8222;Cum Laude&#8220; erhielt. Sie wurde am Konservatorium <em>Domenico Cimarosa <\/em>aufgenommen, wo sie 2023 unter der Leitung von Professor <strong>Adriano Walter Rullo <\/strong>ihr Studium mit Auszeichnung abschloss.<\/span><\/p>\n<p style=\"text-align: justify;\"><span>Im Studienjahr 2023\/2024 besuchte sie einen Postgraduiertenkurs an der renommierten <em>Universit\u00e4t Mozarteum <\/em>in Salzburg in der Klasse von Professor <strong>Andrea De Vitis.<\/strong><\/span><\/p>\n<p style=\"text-align: justify;\"><span>Im Laufe ihrer Karriere nahm sie an zahlreichen Meisterkursen bei f\u00fchrenden Pers\u00f6nlichkeiten wie <strong>Giorgio Albiani, Antigoni Goni, Margarita Escarpa, \u0141ukasz Kuropaczewski, Aniello Desiderio, Eduardo Isaac, Lucio Matarazzo, Gabriel Bianco, Marco de Biasi, Fernando Lepri, Antonio Rugolo, Angelo Marchese, Paolo Pegoraro, Adriano del Sal und Gianluca Persichetti<\/strong>.<\/span><\/p>\n<p style=\"text-align: justify;\"><span>Im Jahr 2019 begann sie, das Studium der Kammermusik zu vertiefen und gr\u00fcndete das <strong>Fairy <\/strong><strong>Guitar Quartet<\/strong>, mit dem sie Unterricht beim <strong>Quartetto Prometeo, Massimo Delle Cese <\/strong>und <strong>Andrea Dieci <\/strong>an der <em>Avos Project Academy <\/em>in Rom nahm. W\u00e4hrend ihrer Zeit am Konservatorium entwickelte sie ein starkes Interesse an der neuen Musik und im Jahr spielte sie das ihr von <strong>Francesco Fausto Magaletti <\/strong>gewidmete St\u00fcck <em>Disiunctio <\/em>und brachte es zur Urauff\u00fchrung.<\/span><\/p>\n<p style=\"text-align: justify;\"><span>Im Jahr 2024 f\u00fchrte sie au\u00dferdem <em>Lamentation D&#8217;Orphee <\/em>von <strong>Sarai Vangelli de Cresci <\/strong>mit dem <em>Gitarrenensemble CumTempora <\/em>unter der Leitung von <strong>Andrea De Vitis <\/strong>auf. Ihr Interesse an argentinischer Musik, das sie mit dem <strong>Fairy Guitar Quartet <\/strong>teilt, f\u00fchrte zu dem Aufnahmeprojekt <em>Volver<\/em>, das im Herbst 2024 bei dem Label <em>Stradivarius <\/em>erscheinen wird. Derzeit absolviert sie ihr zweites Postgraduiertenstudium bei Professor <strong>Antigoni Goni <\/strong>am <em>Konservatorium von Br\u00fcssel <\/em>und lebt in K\u00f6ln, wo sie unterrichtet und ihre Karriere als Gitarristin vorantreibt.<\/span><\/p>\n<p style=\"text-align: justify;\"><span>Roberta Mercorio spielt eine Gitarre von <strong>Mirko Migliorini<\/strong>.<\/span><\/p>\n<p>[\/et_pb_text][\/et_pb_column][\/et_pb_row][\/et_pb_section]<\/p>\n","protected":false},"excerpt":{"rendered":"<p>Roberta Mercorio, GitarreRoberta Mercorio wurde im Jahr 1999 in Caserta geboren. Sie begann ihr Musikstudium mit 10 Jahren bei Corrado Videtta. Sie setzte ihr Studium am Liceo Musicale Luigi Garofano in Capua (CE) fort, wo sie unter der Leitung von Giancarlo Perna 2017 ihr Diplom mit &#8222;Cum Laude&#8220; erhielt. Sie wurde am Konservatorium Domenico Cimarosa [&hellip;]<\/p>\n","protected":false},"author":1,"featured_media":0,"parent":0,"menu_order":0,"comment_status":"closed","ping_status":"closed","template":"","meta":{"_et_pb_use_builder":"on","_et_pb_old_content":"","_et_gb_content_width":"","footnotes":""},"_links":{"self":[{"href":"https:\/\/bieler-akademie.de\/index.php?rest_route=\/wp\/v2\/pages\/228"}],"collection":[{"href":"https:\/\/bieler-akademie.de\/index.php?rest_route=\/wp\/v2\/pages"}],"about":[{"href":"https:\/\/bieler-akademie.de\/index.php?rest_route=\/wp\/v2\/types\/page"}],"author":[{"embeddable":true,"href":"https:\/\/bieler-akademie.de\/index.php?rest_route=\/wp\/v2\/users\/1"}],"replies":[{"embeddable":true,"href":"https:\/\/bieler-akademie.de\/index.php?rest_route=%2Fwp%2Fv2%2Fcomments&post=228"}],"version-history":[{"count":10,"href":"https:\/\/bieler-akademie.de\/index.php?rest_route=\/wp\/v2\/pages\/228\/revisions"}],"predecessor-version":[{"id":997,"href":"https:\/\/bieler-akademie.de\/index.php?rest_route=\/wp\/v2\/pages\/228\/revisions\/997"}],"wp:attachment":[{"href":"https:\/\/bieler-akademie.de\/index.php?rest_route=%2Fwp%2Fv2%2Fmedia&parent=228"}],"curies":[{"name":"wp","href":"https:\/\/api.w.org\/{rel}","templated":true}]}}