{"id":232,"date":"2020-03-25T15:30:27","date_gmt":"2020-03-25T15:30:27","guid":{"rendered":"http:\/\/bieler-akademie.de\/?page_id=232"},"modified":"2020-04-01T16:28:58","modified_gmt":"2020-04-01T16:28:58","slug":"james-maddox-kammermusik-und-korrepetition","status":"publish","type":"page","link":"https:\/\/bieler-akademie.de\/?page_id=232&lang=en","title":{"rendered":"James Maddox, Chamber music and collaborative pianist"},"content":{"rendered":"<p>[et_pb_section fb_built=&#8220;1&#8243; _builder_version=&#8220;4.4.1&#8243; custom_padding=&#8220;0px|||||&#8220;][et_pb_row _builder_version=&#8220;4.4.1&#8243; background_color=&#8220;#000000&#8243; width=&#8220;90%&#8220; custom_margin=&#8220;0px||||false|false&#8220; custom_padding=&#8220;6px||6px|0px|false|false&#8220;][et_pb_column type=&#8220;4_4&#8243; _builder_version=&#8220;4.4.1&#8243;][et_pb_image src=&#8220;http:\/\/bieler-akademie.de\/wp-content\/uploads\/2020\/03\/Ida-Bieler-dozenten.jpg&#8220; align=&#8220;center&#8220; _builder_version=&#8220;4.4.1&#8243; width=&#8220;99%&#8220; hover_enabled=&#8220;0&#8243; border_width_all=&#8220;12px&#8220; border_color_all=&#8220;#ffffff&#8220; disabled_on=&#8220;on|off|off&#8220;][\/et_pb_image][\/et_pb_column][\/et_pb_row][et_pb_row column_structure=&#8220;1_4,3_4&#8243; _builder_version=&#8220;4.4.1&#8243; custom_padding=&#8220;50px|||||&#8220;][et_pb_column type=&#8220;1_4&#8243; _builder_version=&#8220;4.4.1&#8243;][et_pb_sidebar _builder_version=&#8220;4.4.1&#8243;][\/et_pb_sidebar][et_pb_sidebar area=&#8220;et_pb_widget_area_4&#8243; disabled_on=&#8220;on|on|off&#8220; _builder_version=&#8220;4.4.1&#8243; header_font=&#8220;|600|||||||&#8220; header_text_color=&#8220;#000000&#8243; header_line_height=&#8220;1.5em&#8220; body_text_color=&#8220;#000000&#8243; body_line_height=&#8220;2.4em&#8220; width_tablet=&#8220;auto&#8220; width_phone=&#8220;&#8220; width_last_edited=&#8220;on|tablet&#8220; border_color_left=&#8220;#bf354c&#8220;][\/et_pb_sidebar][\/et_pb_column][et_pb_column type=&#8220;3_4&#8243; _builder_version=&#8220;4.4.1&#8243;][et_pb_text _builder_version=&#8220;4.4.1&#8243; max_width_tablet=&#8220;100%&#8220; max_width_phone=&#8220;&#8220; max_width_last_edited=&#8220;on|tablet&#8220; module_alignment=&#8220;left&#8220;]<\/p>\n<h1>James Maddox,\u00a0Chamber music and collaborative pianist<\/h1>\n<p>[\/et_pb_text][et_pb_image src=&#8220;http:\/\/bieler-akademie.de\/wp-content\/uploads\/2020\/03\/james_maddox.jpg&#8220; _builder_version=&#8220;4.4.1&#8243; width=&#8220;100%&#8220; max_width=&#8220;296px&#8220;][\/et_pb_image][et_pb_text _builder_version=&#8220;4.4.1&#8243;]<\/p>\n<p style=\"text-align: justify;\">The Australian pianist James Maddox studied at the Sydney Conservatorium of Music with Nikolai Evrov and in Italy with Alexander Lonquich and Edoardo Strabbioli. He performs chamber music, accompanies vocal recitals and appears as soloist across Europe, in Asia and Australia. He has wide experience as an orchestral pianist, playing regularly with the Beethoven Orchester Bonn, the G\u00fcrzenich Orchester K\u00f6ln and the Bochumer Symphoniker. He feels at home at the celeste and the harpsichord and is fascinated by historical fortepianos. He has worked with composers such as Krysztof Penderecki, J\u00f6rg Widmann, Peter E\u00f6tv\u00f6s, Beat Furrer and Graeme Koehne.<\/p>\n<p style=\"text-align: justify;\">Chamber music partners of recent years include the violinists Ida Bieler, Christian Altenburger, Mihaela Martin, Vlad Stanculeasa and Eugenia Ottaviano, violist Matthias Buchholz, cellists Oren Shevlin, Gregor Horsch and Maria Kliegel, clarinetists Robert Oberaigner and J\u00f6rg Widmann, the Mannheimer Streichquartett, the Alinde Quartett and the Bermuda4.<\/p>\n<p style=\"text-align: justify;\">He has regular lieder recitals with mezzo-soprano Susanne Blattert, and soprano Ingrid Schmith\u00fcsen joins him on his double CD of Anna Magdalena Bach&#8217;s Notebook on Coviello Classics. He has recorded the Brahms Violin sonatas with Ida Bieler on Coviello.<\/p>\n<p style=\"text-align: justify;\">In 1995 James Maddox became tutor at the Robert-Schumann-Hochschule in D\u00fcsseldorf. In 2008 he founded the annual Brahms-Tage in Bonn-Endenich, of which he is artistic director.<\/p>\n<p>[\/et_pb_text][\/et_pb_column][\/et_pb_row][\/et_pb_section]<\/p>\n","protected":false},"excerpt":{"rendered":"<p>James Maddox,\u00a0Chamber music and collaborative pianistThe Australian pianist James Maddox studied at the Sydney Conservatorium of Music with Nikolai Evrov and in Italy with Alexander Lonquich and Edoardo Strabbioli. He performs chamber music, accompanies vocal recitals and appears as soloist across Europe, in Asia and Australia. He has wide experience as an orchestral pianist, playing [&hellip;]<\/p>\n","protected":false},"author":1,"featured_media":0,"parent":0,"menu_order":0,"comment_status":"closed","ping_status":"closed","template":"","meta":{"_et_pb_use_builder":"on","_et_pb_old_content":"","_et_gb_content_width":"","footnotes":""},"_links":{"self":[{"href":"https:\/\/bieler-akademie.de\/index.php?rest_route=\/wp\/v2\/pages\/232"}],"collection":[{"href":"https:\/\/bieler-akademie.de\/index.php?rest_route=\/wp\/v2\/pages"}],"about":[{"href":"https:\/\/bieler-akademie.de\/index.php?rest_route=\/wp\/v2\/types\/page"}],"author":[{"embeddable":true,"href":"https:\/\/bieler-akademie.de\/index.php?rest_route=\/wp\/v2\/users\/1"}],"replies":[{"embeddable":true,"href":"https:\/\/bieler-akademie.de\/index.php?rest_route=%2Fwp%2Fv2%2Fcomments&post=232"}],"version-history":[{"count":7,"href":"https:\/\/bieler-akademie.de\/index.php?rest_route=\/wp\/v2\/pages\/232\/revisions"}],"predecessor-version":[{"id":715,"href":"https:\/\/bieler-akademie.de\/index.php?rest_route=\/wp\/v2\/pages\/232\/revisions\/715"}],"wp:attachment":[{"href":"https:\/\/bieler-akademie.de\/index.php?rest_route=%2Fwp%2Fv2%2Fmedia&parent=232"}],"curies":[{"name":"wp","href":"https:\/\/api.w.org\/{rel}","templated":true}]}}