{"id":426,"date":"2020-03-27T14:21:52","date_gmt":"2020-03-27T14:21:52","guid":{"rendered":"http:\/\/bieler-akademie.de\/?page_id=426"},"modified":"2020-04-01T16:17:08","modified_gmt":"2020-04-01T16:17:08","slug":"eugenia-ottaviano-violin","status":"publish","type":"page","link":"https:\/\/bieler-akademie.de\/?page_id=426&lang=en","title":{"rendered":"Eugenia Ottaviano, Violin"},"content":{"rendered":"<p>[et_pb_section fb_built=&#8220;1&#8243; _builder_version=&#8220;4.4.1&#8243; custom_padding=&#8220;0px|||||&#8220;][et_pb_row _builder_version=&#8220;4.4.1&#8243; background_color=&#8220;#000000&#8243; width=&#8220;90%&#8220; custom_margin=&#8220;0px||||false|false&#8220; custom_padding=&#8220;6px||6px|0px|false|false&#8220;][et_pb_column type=&#8220;4_4&#8243; _builder_version=&#8220;4.4.1&#8243;][et_pb_image src=&#8220;http:\/\/bieler-akademie.de\/wp-content\/uploads\/2020\/03\/Ida-Bieler-dozenten.jpg&#8220; align=&#8220;center&#8220; _builder_version=&#8220;4.4.1&#8243; width=&#8220;99%&#8220; hover_enabled=&#8220;0&#8243; border_width_all=&#8220;12px&#8220; border_color_all=&#8220;#ffffff&#8220; disabled_on=&#8220;on|off|off&#8220;][\/et_pb_image][\/et_pb_column][\/et_pb_row][et_pb_row column_structure=&#8220;1_4,3_4&#8243; _builder_version=&#8220;4.4.1&#8243; custom_padding=&#8220;50px|||||&#8220;][et_pb_column type=&#8220;1_4&#8243; _builder_version=&#8220;4.4.1&#8243;][et_pb_sidebar area=&#8220;et_pb_widget_area_4&#8243; disabled_on=&#8220;on|on|off&#8220; _builder_version=&#8220;4.4.1&#8243; header_font=&#8220;|600|||||||&#8220; header_text_color=&#8220;#000000&#8243; header_line_height=&#8220;1.5em&#8220; body_text_color=&#8220;#000000&#8243; body_line_height=&#8220;2.4em&#8220; width_tablet=&#8220;auto&#8220; width_phone=&#8220;&#8220; width_last_edited=&#8220;on|tablet&#8220; border_color_left=&#8220;#bf354c&#8220;][\/et_pb_sidebar][\/et_pb_column][et_pb_column type=&#8220;3_4&#8243; _builder_version=&#8220;4.4.1&#8243;][et_pb_text _builder_version=&#8220;4.4.1&#8243; max_width_tablet=&#8220;100%&#8220; max_width_phone=&#8220;&#8220; max_width_last_edited=&#8220;on|tablet&#8220; module_alignment=&#8220;left&#8220;]<\/p>\n<h1>Eugenia Ottaviano, Violin<\/h1>\n<p>[\/et_pb_text][et_pb_image src=&#8220;http:\/\/bieler-akademie.de\/wp-content\/uploads\/2020\/03\/eugenia_ottaviano.jpg&#8220; _builder_version=&#8220;4.4.1&#8243; width=&#8220;100%&#8220; max_width=&#8220;296px&#8220;][\/et_pb_image][et_pb_text _builder_version=&#8220;4.4.1&#8243;]<\/p>\n<p style=\"text-align: justify;\">Eugenia Ottaviano was born in Terni in Italy. She started playing the violin at age seven, her first teachers being Judith Hamsa and later Fulvio Liviabella from the Orchestra of La Scala in Milan. She began her professional studies at the renowned Walter Stauffer Academy in Cremona in the class of the famous violinist Salvatore Accardo. After moving to Germany, Eugenia studied at the Musikhochschule in Cologne with Prof. Charles Andre Linale and Prof. Keiko Wataya, graduating with highest grades in 2005. She also studied chamber music with Prof. Emile Cantor. Later on followed postgraduate studies with Prof. Ida Bieler in the Robert-Schumann-Hochschule D\u00fcsseldorf, graduation in 2013 again with highest grades. Currently Eugenia studies chamber music with the string quartet Alinde-Quartett (which she founded) in the class of Prof. Feltz at the Hochschule f\u00fcr Musik \u201cHanns Eisler\u201d in Berlin.<\/p>\n<p style=\"text-align: justify;\">Eugenia has worked with numerous famous musicians and composers in masterclasses and festivals, such as L. Mordkovich, M. Brandao (Barock violin), G\u00fcnter Pichler, J\u00f6rg Widmann, Arnold Steinhardt, Wolfgang Rihm, Christoph Richter, J\u00fcrgen Kussmaul, Ida Bieler, Harald Schoneweg, the Mannheimer String Quartet, the Auryn Quartet.<\/p>\n<p style=\"text-align: justify;\">She has won prizes in numerous competitions, i.e. the Schmolz und Bickenbach competition in 2010, the International Pinerolo Chamber music Competition (best string quartet). Eugenia takes a special interest in chamber music. In addition to the Alinde-Quartett she regularly plays Piano Trio, Duo with piano (with James Maddox), and in various ensembles with renowned artists such as Ida Bieler, Oren Shevlin, J\u00fcrgen Kussmaul, Alexander H\u00fclshoff, Robert Oberaigner.<\/p>\n<p style=\"text-align: justify;\">Eugenia has orchestral experience from the Orchestra da Camera Italiana (S. Accardo), Camerata Finlandia (J. Panula) and the WDR Sinfonieorchester in Cologne.<\/p>\n<p style=\"text-align: justify;\">She has taught privately and in various music schools in Germany. She is an assistant of Prof. Ida Bieler and runs the Ida Bieler Music Academy in Cologne together with Victor Haustein.<\/p>\n<p>[\/et_pb_text][\/et_pb_column][\/et_pb_row][\/et_pb_section]<\/p>\n","protected":false},"excerpt":{"rendered":"<p>Eugenia Ottaviano, ViolinEugenia Ottaviano was born in Terni in Italy. She started playing the violin at age seven, her first teachers being Judith Hamsa and later Fulvio Liviabella from the Orchestra of La Scala in Milan. She began her professional studies at the renowned Walter Stauffer Academy in Cremona in the class of the famous [&hellip;]<\/p>\n","protected":false},"author":1,"featured_media":0,"parent":0,"menu_order":0,"comment_status":"closed","ping_status":"closed","template":"","meta":{"_et_pb_use_builder":"on","_et_pb_old_content":"","_et_gb_content_width":"","footnotes":""},"_links":{"self":[{"href":"https:\/\/bieler-akademie.de\/index.php?rest_route=\/wp\/v2\/pages\/426"}],"collection":[{"href":"https:\/\/bieler-akademie.de\/index.php?rest_route=\/wp\/v2\/pages"}],"about":[{"href":"https:\/\/bieler-akademie.de\/index.php?rest_route=\/wp\/v2\/types\/page"}],"author":[{"embeddable":true,"href":"https:\/\/bieler-akademie.de\/index.php?rest_route=\/wp\/v2\/users\/1"}],"replies":[{"embeddable":true,"href":"https:\/\/bieler-akademie.de\/index.php?rest_route=%2Fwp%2Fv2%2Fcomments&post=426"}],"version-history":[{"count":6,"href":"https:\/\/bieler-akademie.de\/index.php?rest_route=\/wp\/v2\/pages\/426\/revisions"}],"predecessor-version":[{"id":686,"href":"https:\/\/bieler-akademie.de\/index.php?rest_route=\/wp\/v2\/pages\/426\/revisions\/686"}],"wp:attachment":[{"href":"https:\/\/bieler-akademie.de\/index.php?rest_route=%2Fwp%2Fv2%2Fmedia&parent=426"}],"curies":[{"name":"wp","href":"https:\/\/api.w.org\/{rel}","templated":true}]}}

<p>[et_pb_section fb_built=&#8220;1&#8243; _builder_version=&#8220;4.4.1&#8243; custom_padding=&#8220;0px|||||&#8220;][et_pb_row _builder_version=&#8220;4.4.1&#8243; background_color=&#8220;#000000&#8243; width=&#8220;90%&#8220; custom_margin=&#8220;0px||||false|false&#8220; custom_padding=&#8220;6px||6px|0px|false|false&#8220;][et_pb_column type=&#8220;4_4&#8243; _builder_version=&#8220;4.4.1&#8243;][et_pb_image src=&#8220;http://bieler-akademie.de/wp-content/uploads/2020/03/Ida-Bieler-dozenten.jpg&#8220; align=&#8220;center&#8220; _builder_version=&#8220;4.4.1&#8243; width=&#8220;99%&#8220; hover_enabled=&#8220;0&#8243; border_width_all=&#8220;12px&#8220; border_color_all=&#8220;#ffffff&#8220; disabled_on=&#8220;on|off|off&#8220;][/et_pb_image][/et_pb_column][/et_pb_row][et_pb_row column_structure=&#8220;1_4,3_4&#8243; _builder_version=&#8220;4.4.1&#8243; custom_padding=&#8220;50px|||||&#8220;][et_pb_column type=&#8220;1_4&#8243; _builder_version=&#8220;4.4.1&#8243;][et_pb_sidebar area=&#8220;et_pb_widget_area_4&#8243; disabled_on=&#8220;on|on|off&#8220; _builder_version=&#8220;4.4.1&#8243; header_font=&#8220;|600|||||||&#8220; header_text_color=&#8220;#000000&#8243; header_line_height=&#8220;1.5em&#8220; body_text_color=&#8220;#000000&#8243; body_line_height=&#8220;2.4em&#8220; width_tablet=&#8220;auto&#8220; width_phone=&#8220;&#8220; width_last_edited=&#8220;on|tablet&#8220; border_color_left=&#8220;#bf354c&#8220;][/et_pb_sidebar][/et_pb_column][et_pb_column type=&#8220;3_4&#8243; _builder_version=&#8220;4.4.1&#8243;][et_pb_text _builder_version=&#8220;4.4.1&#8243; max_width_tablet=&#8220;100%&#8220; max_width_phone=&#8220;&#8220; max_width_last_edited=&#8220;on|tablet&#8220; module_alignment=&#8220;left&#8220;]</p>
<h1>Eugenia Ottaviano, Violin</h1>
<p>[/et_pb_text][et_pb_image src=&#8220;http://bieler-akademie.de/wp-content/uploads/2020/03/eugenia_ottaviano.jpg&#8220; _builder_version=&#8220;4.4.1&#8243; width=&#8220;100%&#8220; max_width=&#8220;296px&#8220;][/et_pb_image][et_pb_text _builder_version=&#8220;4.4.1&#8243;]</p>
<p style="text-align: justify;">Eugenia Ottaviano was born in Terni in Italy. She started playing the violin at age seven, her first teachers being Judith Hamsa and later Fulvio Liviabella from the Orchestra of La Scala in Milan. She began her professional studies at the renowned Walter Stauffer Academy in Cremona in the class of the famous violinist Salvatore Accardo. After moving to Germany, Eugenia studied at the Musikhochschule in Cologne with Prof. Charles Andre Linale and Prof. Keiko Wataya, graduating with highest grades in 2005. She also studied chamber music with Prof. Emile Cantor. Later on followed postgraduate studies with Prof. Ida Bieler in the Robert-Schumann-Hochschule Düsseldorf, graduation in 2013 again with highest grades. Currently Eugenia studies chamber music with the string quartet Alinde-Quartett (which she founded) in the class of Prof. Feltz at the Hochschule für Musik “Hanns Eisler” in Berlin.</p>
<p style="text-align: justify;">Eugenia has worked with numerous famous musicians and composers in masterclasses and festivals, such as L. Mordkovich, M. Brandao (Barock violin), Günter Pichler, Jörg Widmann, Arnold Steinhardt, Wolfgang Rihm, Christoph Richter, Jürgen Kussmaul, Ida Bieler, Harald Schoneweg, the Mannheimer String Quartet, the Auryn Quartet.</p>
<p style="text-align: justify;">She has won prizes in numerous competitions, i.e. the Schmolz und Bickenbach competition in 2010, the International Pinerolo Chamber music Competition (best string quartet). Eugenia takes a special interest in chamber music. In addition to the Alinde-Quartett she regularly plays Piano Trio, Duo with piano (with James Maddox), and in various ensembles with renowned artists such as Ida Bieler, Oren Shevlin, Jürgen Kussmaul, Alexander Hülshoff, Robert Oberaigner.</p>
<p style="text-align: justify;">Eugenia has orchestral experience from the Orchestra da Camera Italiana (S. Accardo), Camerata Finlandia (J. Panula) and the WDR Sinfonieorchester in Cologne.</p>
<p style="text-align: justify;">She has taught privately and in various music schools in Germany. She is an assistant of Prof. Ida Bieler and runs the Ida Bieler Music Academy in Cologne together with Victor Haustein.</p>
<p>[/et_pb_text][/et_pb_column][/et_pb_row][/et_pb_section]</p>
