{"id":463,"date":"2020-03-27T14:41:37","date_gmt":"2020-03-27T14:41:37","guid":{"rendered":"http:\/\/bieler-akademie.de\/?page_id=463"},"modified":"2024-10-22T19:33:57","modified_gmt":"2024-10-22T19:33:57","slug":"miguel-mandelli-guitar","status":"publish","type":"page","link":"https:\/\/bieler-akademie.de\/?page_id=463&lang=en","title":{"rendered":"Miguel Mandelli, Guitar"},"content":{"rendered":"<p>[et_pb_section fb_built=&#8220;1&#8243; _builder_version=&#8220;4.16&#8243; custom_padding=&#8220;0px|||||&#8220; global_colors_info=&#8220;{}&#8220;][et_pb_row _builder_version=&#8220;4.16&#8243; background_color=&#8220;#000000&#8243; width=&#8220;90%&#8220; custom_margin=&#8220;0px||||false|false&#8220; custom_padding=&#8220;6px||6px|0px|false|false&#8220; global_colors_info=&#8220;{}&#8220;][et_pb_column type=&#8220;4_4&#8243; _builder_version=&#8220;4.16&#8243; global_colors_info=&#8220;{}&#8220;][et_pb_image src=&#8220;https:\/\/bieler-akademie.de\/wp-content\/uploads\/2020\/03\/Ida-Bieler-dozenten.jpg&#8220; align=&#8220;center&#8220; disabled_on=&#8220;on|off|off&#8220; _builder_version=&#8220;4.16&#8243; width=&#8220;99%&#8220; border_width_all=&#8220;12px&#8220; border_color_all=&#8220;#ffffff&#8220; global_colors_info=&#8220;{}&#8220;][\/et_pb_image][\/et_pb_column][\/et_pb_row][et_pb_row column_structure=&#8220;1_4,3_4&#8243; _builder_version=&#8220;4.16&#8243; custom_padding=&#8220;50px|||||&#8220; global_colors_info=&#8220;{}&#8220;][et_pb_column type=&#8220;1_4&#8243; _builder_version=&#8220;4.16&#8243; global_colors_info=&#8220;{}&#8220;][et_pb_sidebar _builder_version=&#8220;4.16&#8243; global_colors_info=&#8220;{}&#8220;][\/et_pb_sidebar][et_pb_sidebar area=&#8220;et_pb_widget_area_4&#8243; disabled_on=&#8220;on|on|off&#8220; _builder_version=&#8220;4.16&#8243; header_font=&#8220;|600|||||||&#8220; header_text_color=&#8220;#000000&#8243; header_line_height=&#8220;1.5em&#8220; body_text_color=&#8220;#000000&#8243; body_line_height=&#8220;2.4em&#8220; width_tablet=&#8220;auto&#8220; width_phone=&#8220;&#8220; width_last_edited=&#8220;on|tablet&#8220; border_color_left=&#8220;#bf354c&#8220; global_colors_info=&#8220;{}&#8220;][\/et_pb_sidebar][\/et_pb_column][et_pb_column type=&#8220;3_4&#8243; _builder_version=&#8220;4.16&#8243; global_colors_info=&#8220;{}&#8220;][et_pb_text _builder_version=&#8220;4.16&#8243; max_width_tablet=&#8220;100%&#8220; max_width_phone=&#8220;&#8220; max_width_last_edited=&#8220;on|tablet&#8220; module_alignment=&#8220;left&#8220; global_colors_info=&#8220;{}&#8220;]<\/p>\n<h1>Miguel Mandelli, Guitar<\/h1>\n<p>[\/et_pb_text][et_pb_image src=&#8220;https:\/\/bieler-akademie.de\/wp-content\/uploads\/2020\/03\/Miguel-Mandelli.jpg&#8220; _builder_version=&#8220;4.16&#8243; width=&#8220;100%&#8220; max_width=&#8220;296px&#8220; global_colors_info=&#8220;{}&#8220;][\/et_pb_image][et_pb_text _builder_version=&#8220;4.16&#8243; global_colors_info=&#8220;{}&#8220;]<\/p>\n<p style=\"text-align: justify;\">Born in Florian\u00f3polis\/Brazil in 1995, Miguel Mandelli, an international classical guitarist and guitar teacher, is 1st prize winner of three national solo guitar competitions, three national chamber music competitions in Brazil, winner of 3 international competitions, one of them the prestigious XX Enrico Mercatalli Gorizia international Guitar competition. He also received the Villa-Lobos Prize for the best interpretation of a work by Heitor Villa-Lobos in the XXX Koblenz International Guitar Competition, and was a finalist in many other competitions.<\/p>\n<p>Miguel has given solo concerts in Brazil, Argentina, Ireland, England, Italy, Austria, Germany, Croatia, Holland and the Czech Republic.<\/p>\n<p>Miguel Mandelli studied with Angela Muner (BRA), Edson Lopes (BRA), Petra Polackova (CZE) and Hubert K\u00e4ppel (DE). He played first guitar in the guitar orchestra of Tatu\u00ed (Sao Paulo) for 3 years. Miguel is now studying with Gerhard Reichenbach, professor at the Musikhochschule K\u00f6ln.<\/p>\n<p>Teaching has always accompanied Miguel&#8217;s solo career. He started at the age of 17 as a tutor of new students at the International Conservatory of Tatu\u00ed (Sao Paulo). In Ireland (2015) Miguel taught music to children and people with special needs, where he worked alongside music therapist John Clark (Scotland). He gave private lessons during his studies in Italy in Rome and Florence as well as in Graz in Austria.<\/p>\n<p>Miguel Mandelli currently teaches at the public music school in Sankt Augustin (head of department for plucked instruments), at the Rheinische Musikschule in Cologne and at the Ida Bieler Music Academy.<\/p>\n<p>&nbsp;<\/p>\n<p>[\/et_pb_text][\/et_pb_column][\/et_pb_row][\/et_pb_section]<\/p>\n","protected":false},"excerpt":{"rendered":"<p>Miguel Mandelli, GuitarBorn in Florian\u00f3polis\/Brazil in 1995, Miguel Mandelli, an international classical guitarist and guitar teacher, is 1st prize winner of three national solo guitar competitions, three national chamber music competitions in Brazil, winner of 3 international competitions, one of them the prestigious XX Enrico Mercatalli Gorizia international Guitar competition. He also received the Villa-Lobos [&hellip;]<\/p>\n","protected":false},"author":1,"featured_media":0,"parent":0,"menu_order":0,"comment_status":"closed","ping_status":"closed","template":"","meta":{"_et_pb_use_builder":"on","_et_pb_old_content":"","_et_gb_content_width":"","footnotes":""},"_links":{"self":[{"href":"https:\/\/bieler-akademie.de\/index.php?rest_route=\/wp\/v2\/pages\/463"}],"collection":[{"href":"https:\/\/bieler-akademie.de\/index.php?rest_route=\/wp\/v2\/pages"}],"about":[{"href":"https:\/\/bieler-akademie.de\/index.php?rest_route=\/wp\/v2\/types\/page"}],"author":[{"embeddable":true,"href":"https:\/\/bieler-akademie.de\/index.php?rest_route=\/wp\/v2\/users\/1"}],"replies":[{"embeddable":true,"href":"https:\/\/bieler-akademie.de\/index.php?rest_route=%2Fwp%2Fv2%2Fcomments&post=463"}],"version-history":[{"count":6,"href":"https:\/\/bieler-akademie.de\/index.php?rest_route=\/wp\/v2\/pages\/463\/revisions"}],"predecessor-version":[{"id":971,"href":"https:\/\/bieler-akademie.de\/index.php?rest_route=\/wp\/v2\/pages\/463\/revisions\/971"}],"wp:attachment":[{"href":"https:\/\/bieler-akademie.de\/index.php?rest_route=%2Fwp%2Fv2%2Fmedia&parent=463"}],"curies":[{"name":"wp","href":"https:\/\/api.w.org\/{rel}","templated":true}]}}

<p>[et_pb_section fb_built=&#8220;1&#8243; _builder_version=&#8220;4.16&#8243; custom_padding=&#8220;0px|||||&#8220; global_colors_info=&#8220;{}&#8220;][et_pb_row _builder_version=&#8220;4.16&#8243; background_color=&#8220;#000000&#8243; width=&#8220;90%&#8220; custom_margin=&#8220;0px||||false|false&#8220; custom_padding=&#8220;6px||6px|0px|false|false&#8220; global_colors_info=&#8220;{}&#8220;][et_pb_column type=&#8220;4_4&#8243; _builder_version=&#8220;4.16&#8243; global_colors_info=&#8220;{}&#8220;][et_pb_image src=&#8220;https://bieler-akademie.de/wp-content/uploads/2020/03/Ida-Bieler-dozenten.jpg&#8220; align=&#8220;center&#8220; disabled_on=&#8220;on|off|off&#8220; _builder_version=&#8220;4.16&#8243; width=&#8220;99%&#8220; border_width_all=&#8220;12px&#8220; border_color_all=&#8220;#ffffff&#8220; global_colors_info=&#8220;{}&#8220;][/et_pb_image][/et_pb_column][/et_pb_row][et_pb_row column_structure=&#8220;1_4,3_4&#8243; _builder_version=&#8220;4.16&#8243; custom_padding=&#8220;50px|||||&#8220; global_colors_info=&#8220;{}&#8220;][et_pb_column type=&#8220;1_4&#8243; _builder_version=&#8220;4.16&#8243; global_colors_info=&#8220;{}&#8220;][et_pb_sidebar _builder_version=&#8220;4.16&#8243; global_colors_info=&#8220;{}&#8220;][/et_pb_sidebar][et_pb_sidebar area=&#8220;et_pb_widget_area_4&#8243; disabled_on=&#8220;on|on|off&#8220; _builder_version=&#8220;4.16&#8243; header_font=&#8220;|600|||||||&#8220; header_text_color=&#8220;#000000&#8243; header_line_height=&#8220;1.5em&#8220; body_text_color=&#8220;#000000&#8243; body_line_height=&#8220;2.4em&#8220; width_tablet=&#8220;auto&#8220; width_phone=&#8220;&#8220; width_last_edited=&#8220;on|tablet&#8220; border_color_left=&#8220;#bf354c&#8220; global_colors_info=&#8220;{}&#8220;][/et_pb_sidebar][/et_pb_column][et_pb_column type=&#8220;3_4&#8243; _builder_version=&#8220;4.16&#8243; global_colors_info=&#8220;{}&#8220;][et_pb_text _builder_version=&#8220;4.16&#8243; max_width_tablet=&#8220;100%&#8220; max_width_phone=&#8220;&#8220; max_width_last_edited=&#8220;on|tablet&#8220; module_alignment=&#8220;left&#8220; global_colors_info=&#8220;{}&#8220;]</p>
<h1>Miguel Mandelli, Guitar</h1>
<p>[/et_pb_text][et_pb_image src=&#8220;https://bieler-akademie.de/wp-content/uploads/2020/03/Miguel-Mandelli.jpg&#8220; _builder_version=&#8220;4.16&#8243; width=&#8220;100%&#8220; max_width=&#8220;296px&#8220; global_colors_info=&#8220;{}&#8220;][/et_pb_image][et_pb_text _builder_version=&#8220;4.16&#8243; global_colors_info=&#8220;{}&#8220;]</p>
<p style="text-align: justify;">Born in Florianópolis/Brazil in 1995, Miguel Mandelli, an international classical guitarist and guitar teacher, is 1st prize winner of three national solo guitar competitions, three national chamber music competitions in Brazil, winner of 3 international competitions, one of them the prestigious XX Enrico Mercatalli Gorizia international Guitar competition. He also received the Villa-Lobos Prize for the best interpretation of a work by Heitor Villa-Lobos in the XXX Koblenz International Guitar Competition, and was a finalist in many other competitions.</p>
<p>Miguel has given solo concerts in Brazil, Argentina, Ireland, England, Italy, Austria, Germany, Croatia, Holland and the Czech Republic.</p>
<p>Miguel Mandelli studied with Angela Muner (BRA), Edson Lopes (BRA), Petra Polackova (CZE) and Hubert Käppel (DE). He played first guitar in the guitar orchestra of Tatuí (Sao Paulo) for 3 years. Miguel is now studying with Gerhard Reichenbach, professor at the Musikhochschule Köln.</p>
<p>Teaching has always accompanied Miguel&#8217;s solo career. He started at the age of 17 as a tutor of new students at the International Conservatory of Tatuí (Sao Paulo). In Ireland (2015) Miguel taught music to children and people with special needs, where he worked alongside music therapist John Clark (Scotland). He gave private lessons during his studies in Italy in Rome and Florence as well as in Graz in Austria.</p>
<p>Miguel Mandelli currently teaches at the public music school in Sankt Augustin (head of department for plucked instruments), at the Rheinische Musikschule in Cologne and at the Ida Bieler Music Academy.</p>
<p>&nbsp;</p>
<p>[/et_pb_text][/et_pb_column][/et_pb_row][/et_pb_section]</p>

<p>Miguel Mandelli, GuitarBorn in Florianópolis/Brazil in 1995, Miguel Mandelli, an international classical guitarist and guitar teacher, is 1st prize winner of three national solo guitar competitions, three national chamber music competitions in Brazil, winner of 3 international competitions, one of them the prestigious XX Enrico Mercatalli Gorizia international Guitar competition. He also received the Villa-Lobos [&hellip;]</p>
