{"id":481,"date":"2020-03-27T14:50:12","date_gmt":"2020-03-27T14:50:12","guid":{"rendered":"http:\/\/bieler-akademie.de\/?page_id=481"},"modified":"2020-04-01T16:33:58","modified_gmt":"2020-04-01T16:33:58","slug":"sophia-schubert-violin","status":"publish","type":"page","link":"https:\/\/bieler-akademie.de\/?page_id=481&lang=en","title":{"rendered":"Sophia Schubert, Violin"},"content":{"rendered":"<p>[et_pb_section fb_built=&#8220;1&#8243; _builder_version=&#8220;4.4.1&#8243; custom_padding=&#8220;0px|||||&#8220;][et_pb_row _builder_version=&#8220;4.4.1&#8243; background_color=&#8220;#000000&#8243; width=&#8220;90%&#8220; custom_margin=&#8220;0px||||false|false&#8220; custom_padding=&#8220;6px||6px|0px|false|false&#8220;][et_pb_column type=&#8220;4_4&#8243; _builder_version=&#8220;4.4.1&#8243;][et_pb_image src=&#8220;http:\/\/bieler-akademie.de\/wp-content\/uploads\/2020\/03\/Ida-Bieler-dozenten.jpg&#8220; align=&#8220;center&#8220; _builder_version=&#8220;4.4.1&#8243; width=&#8220;99%&#8220; hover_enabled=&#8220;0&#8243; border_width_all=&#8220;12px&#8220; border_color_all=&#8220;#ffffff&#8220; disabled_on=&#8220;on|off|off&#8220;][\/et_pb_image][\/et_pb_column][\/et_pb_row][et_pb_row column_structure=&#8220;1_4,3_4&#8243; _builder_version=&#8220;4.4.1&#8243; custom_padding=&#8220;50px|||||&#8220;][et_pb_column type=&#8220;1_4&#8243; _builder_version=&#8220;4.4.1&#8243;][et_pb_sidebar area=&#8220;et_pb_widget_area_4&#8243; _builder_version=&#8220;4.4.1&#8243;][\/et_pb_sidebar][et_pb_sidebar area=&#8220;et_pb_widget_area_1&#8243; disabled_on=&#8220;on|on|off&#8220; _builder_version=&#8220;4.4.1&#8243; header_font=&#8220;|600|||||||&#8220; header_text_color=&#8220;#000000&#8243; header_line_height=&#8220;1.5em&#8220; body_text_color=&#8220;#000000&#8243; body_line_height=&#8220;2.4em&#8220; width_tablet=&#8220;auto&#8220; width_phone=&#8220;&#8220; width_last_edited=&#8220;on|tablet&#8220; border_color_left=&#8220;#bf354c&#8220;][\/et_pb_sidebar][\/et_pb_column][et_pb_column type=&#8220;3_4&#8243; _builder_version=&#8220;4.4.1&#8243;][et_pb_text _builder_version=&#8220;4.4.1&#8243; max_width_tablet=&#8220;100%&#8220; max_width_phone=&#8220;&#8220; max_width_last_edited=&#8220;on|tablet&#8220; module_alignment=&#8220;left&#8220;]<\/p>\n<h1>Sophia Schubert, Violin<\/h1>\n<p>[\/et_pb_text][et_pb_image src=&#8220;http:\/\/bieler-akademie.de\/wp-content\/uploads\/2020\/03\/Sophia-Schubert-Foto.jpg&#8220; _builder_version=&#8220;4.4.1&#8243; width=&#8220;100%&#8220; max_width=&#8220;296px&#8220;][\/et_pb_image][et_pb_text _builder_version=&#8220;4.4.1&#8243;]<\/p>\n<p style=\"text-align: justify;\">Born in 1992, Sophia Schubert started playing the violin at age 4 and soon afterwards took piano lessons, too.<\/p>\n<p style=\"text-align: justify;\">After studying with Ingo de Haas (concertmaster opera Frankfurt) she became a pre- college student with Prof. Ulrich Edelmann in Frankfurt.<\/p>\n<p style=\"text-align: justify;\">Sophia began her professional education in Karlsruhe with Prof. Elina V\u00e4h\u00e4l\u00e4 and continued her studies in Freiburg with Anna-Katharine Schreiber and Prof. Sebastian Hamann.<\/p>\n<p style=\"text-align: justify;\">She is currently doing her master in Prof. Hamanns class there.<\/p>\n<p style=\"text-align: justify;\">Sophia was member of various youth orchestras such as the Bundesjugendorchester, the Junge deutsche Philharmonie and the Gustav-Mahler-Jugendorchester.<\/p>\n<p style=\"text-align: justify;\">She got further orchestra experience when playing in the Badische Staatskapelle Karlsruhe, Beethovenorchester Bonn and during her two-year academy in G\u00fcrzenich- Orchester K\u00f6ln.<\/p>\n<p style=\"text-align: justify;\">Apart from playing in orchestras and her love for chamber music, teaching has always been an important part of Sophia&#8217;s life.<\/p>\n<p>[\/et_pb_text][\/et_pb_column][\/et_pb_row][\/et_pb_section]<\/p>\n","protected":false},"excerpt":{"rendered":"<p>Sophia Schubert, ViolinBorn in 1992, Sophia Schubert started playing the violin at age 4 and soon afterwards took piano lessons, too. After studying with Ingo de Haas (concertmaster opera Frankfurt) she became a pre- college student with Prof. Ulrich Edelmann in Frankfurt. Sophia began her professional education in Karlsruhe with Prof. Elina V\u00e4h\u00e4l\u00e4 and continued [&hellip;]<\/p>\n","protected":false},"author":1,"featured_media":0,"parent":0,"menu_order":0,"comment_status":"closed","ping_status":"closed","template":"","meta":{"_et_pb_use_builder":"on","_et_pb_old_content":"","_et_gb_content_width":"","footnotes":""},"_links":{"self":[{"href":"https:\/\/bieler-akademie.de\/index.php?rest_route=\/wp\/v2\/pages\/481"}],"collection":[{"href":"https:\/\/bieler-akademie.de\/index.php?rest_route=\/wp\/v2\/pages"}],"about":[{"href":"https:\/\/bieler-akademie.de\/index.php?rest_route=\/wp\/v2\/types\/page"}],"author":[{"embeddable":true,"href":"https:\/\/bieler-akademie.de\/index.php?rest_route=\/wp\/v2\/users\/1"}],"replies":[{"embeddable":true,"href":"https:\/\/bieler-akademie.de\/index.php?rest_route=%2Fwp%2Fv2%2Fcomments&post=481"}],"version-history":[{"count":4,"href":"https:\/\/bieler-akademie.de\/index.php?rest_route=\/wp\/v2\/pages\/481\/revisions"}],"predecessor-version":[{"id":738,"href":"https:\/\/bieler-akademie.de\/index.php?rest_route=\/wp\/v2\/pages\/481\/revisions\/738"}],"wp:attachment":[{"href":"https:\/\/bieler-akademie.de\/index.php?rest_route=%2Fwp%2Fv2%2Fmedia&parent=481"}],"curies":[{"name":"wp","href":"https:\/\/api.w.org\/{rel}","templated":true}]}}

<p>[et_pb_section fb_built=&#8220;1&#8243; _builder_version=&#8220;4.4.1&#8243; custom_padding=&#8220;0px|||||&#8220;][et_pb_row _builder_version=&#8220;4.4.1&#8243; background_color=&#8220;#000000&#8243; width=&#8220;90%&#8220; custom_margin=&#8220;0px||||false|false&#8220; custom_padding=&#8220;6px||6px|0px|false|false&#8220;][et_pb_column type=&#8220;4_4&#8243; _builder_version=&#8220;4.4.1&#8243;][et_pb_image src=&#8220;http://bieler-akademie.de/wp-content/uploads/2020/03/Ida-Bieler-dozenten.jpg&#8220; align=&#8220;center&#8220; _builder_version=&#8220;4.4.1&#8243; width=&#8220;99%&#8220; hover_enabled=&#8220;0&#8243; border_width_all=&#8220;12px&#8220; border_color_all=&#8220;#ffffff&#8220; disabled_on=&#8220;on|off|off&#8220;][/et_pb_image][/et_pb_column][/et_pb_row][et_pb_row column_structure=&#8220;1_4,3_4&#8243; _builder_version=&#8220;4.4.1&#8243; custom_padding=&#8220;50px|||||&#8220;][et_pb_column type=&#8220;1_4&#8243; _builder_version=&#8220;4.4.1&#8243;][et_pb_sidebar area=&#8220;et_pb_widget_area_4&#8243; _builder_version=&#8220;4.4.1&#8243;][/et_pb_sidebar][et_pb_sidebar area=&#8220;et_pb_widget_area_1&#8243; disabled_on=&#8220;on|on|off&#8220; _builder_version=&#8220;4.4.1&#8243; header_font=&#8220;|600|||||||&#8220; header_text_color=&#8220;#000000&#8243; header_line_height=&#8220;1.5em&#8220; body_text_color=&#8220;#000000&#8243; body_line_height=&#8220;2.4em&#8220; width_tablet=&#8220;auto&#8220; width_phone=&#8220;&#8220; width_last_edited=&#8220;on|tablet&#8220; border_color_left=&#8220;#bf354c&#8220;][/et_pb_sidebar][/et_pb_column][et_pb_column type=&#8220;3_4&#8243; _builder_version=&#8220;4.4.1&#8243;][et_pb_text _builder_version=&#8220;4.4.1&#8243; max_width_tablet=&#8220;100%&#8220; max_width_phone=&#8220;&#8220; max_width_last_edited=&#8220;on|tablet&#8220; module_alignment=&#8220;left&#8220;]</p>
<h1>Sophia Schubert, Violin</h1>
<p>[/et_pb_text][et_pb_image src=&#8220;http://bieler-akademie.de/wp-content/uploads/2020/03/Sophia-Schubert-Foto.jpg&#8220; _builder_version=&#8220;4.4.1&#8243; width=&#8220;100%&#8220; max_width=&#8220;296px&#8220;][/et_pb_image][et_pb_text _builder_version=&#8220;4.4.1&#8243;]</p>
<p style="text-align: justify;">Born in 1992, Sophia Schubert started playing the violin at age 4 and soon afterwards took piano lessons, too.</p>
<p style="text-align: justify;">After studying with Ingo de Haas (concertmaster opera Frankfurt) she became a pre- college student with Prof. Ulrich Edelmann in Frankfurt.</p>
<p style="text-align: justify;">Sophia began her professional education in Karlsruhe with Prof. Elina Vähälä and continued her studies in Freiburg with Anna-Katharine Schreiber and Prof. Sebastian Hamann.</p>
<p style="text-align: justify;">She is currently doing her master in Prof. Hamanns class there.</p>
<p style="text-align: justify;">Sophia was member of various youth orchestras such as the Bundesjugendorchester, the Junge deutsche Philharmonie and the Gustav-Mahler-Jugendorchester.</p>
<p style="text-align: justify;">She got further orchestra experience when playing in the Badische Staatskapelle Karlsruhe, Beethovenorchester Bonn and during her two-year academy in Gürzenich- Orchester Köln.</p>
<p style="text-align: justify;">Apart from playing in orchestras and her love for chamber music, teaching has always been an important part of Sophia&#8217;s life.</p>
<p>[/et_pb_text][/et_pb_column][/et_pb_row][/et_pb_section]</p>

<p>Sophia Schubert, ViolinBorn in 1992, Sophia Schubert started playing the violin at age 4 and soon afterwards took piano lessons, too. After studying with Ingo de Haas (concertmaster opera Frankfurt) she became a pre- college student with Prof. Ulrich Edelmann in Frankfurt. Sophia began her professional education in Karlsruhe with Prof. Elina Vähälä and continued [&hellip;]</p>
