{"id":845,"date":"2020-11-15T15:10:59","date_gmt":"2020-11-15T15:10:59","guid":{"rendered":"https:\/\/bieler-akademie.de\/?page_id=845"},"modified":"2025-01-15T08:43:43","modified_gmt":"2025-01-15T08:43:43","slug":"eugenia-ottaviano-violin-2","status":"publish","type":"page","link":"https:\/\/bieler-akademie.de\/?page_id=845&lang=en","title":{"rendered":"Adi Valentina Camacho, Piano"},"content":{"rendered":"<p>[et_pb_section fb_built=&#8220;1&#8243; _builder_version=&#8220;4.16&#8243; custom_padding=&#8220;0px|||||&#8220; global_colors_info=&#8220;{}&#8220;][et_pb_row _builder_version=&#8220;4.16&#8243; background_color=&#8220;#000000&#8243; width=&#8220;90%&#8220; custom_margin=&#8220;0px||||false|false&#8220; custom_padding=&#8220;6px||6px|0px|false|false&#8220; global_colors_info=&#8220;{}&#8220;][et_pb_column type=&#8220;4_4&#8243; _builder_version=&#8220;4.16&#8243; global_colors_info=&#8220;{}&#8220;][et_pb_image src=&#8220;https:\/\/bieler-akademie.de\/wp-content\/uploads\/2020\/03\/Ida-Bieler-dozenten.jpg&#8220; align=&#8220;center&#8220; disabled_on=&#8220;on|off|off&#8220; _builder_version=&#8220;4.16&#8243; width=&#8220;99%&#8220; border_width_all=&#8220;12px&#8220; border_color_all=&#8220;#ffffff&#8220; global_colors_info=&#8220;{}&#8220;][\/et_pb_image][\/et_pb_column][\/et_pb_row][et_pb_row column_structure=&#8220;1_4,3_4&#8243; _builder_version=&#8220;4.16&#8243; custom_padding=&#8220;50px|||||&#8220; global_colors_info=&#8220;{}&#8220;][et_pb_column type=&#8220;1_4&#8243; _builder_version=&#8220;4.16&#8243; global_colors_info=&#8220;{}&#8220;][et_pb_sidebar area=&#8220;et_pb_widget_area_4&#8243; disabled_on=&#8220;on|on|off&#8220; _builder_version=&#8220;4.16&#8243; header_font=&#8220;|600|||||||&#8220; header_text_color=&#8220;#000000&#8243; header_line_height=&#8220;1.5em&#8220; body_text_color=&#8220;#000000&#8243; body_line_height=&#8220;2.4em&#8220; width_tablet=&#8220;auto&#8220; width_phone=&#8220;&#8220; width_last_edited=&#8220;on|tablet&#8220; border_color_left=&#8220;#bf354c&#8220; global_colors_info=&#8220;{}&#8220;][\/et_pb_sidebar][\/et_pb_column][et_pb_column type=&#8220;3_4&#8243; _builder_version=&#8220;4.16&#8243; global_colors_info=&#8220;{}&#8220;][et_pb_text _builder_version=&#8220;4.27.4&#8243; max_width_tablet=&#8220;100%&#8220; max_width_phone=&#8220;&#8220; max_width_last_edited=&#8220;on|tablet&#8220; module_alignment=&#8220;left&#8220; hover_enabled=&#8220;0&#8243; global_colors_info=&#8220;{}&#8220; sticky_enabled=&#8220;0&#8243;]<\/p>\n<h1><b><span lang=\"DE\"><strong>Adi Valentina Camacho<\/strong>, Piano<o:p><\/o:p><\/span><\/b><\/h1>\n<p>[\/et_pb_text][et_pb_image src=&#8220;https:\/\/bieler-akademie.de\/wp-content\/uploads\/2025\/01\/Adi-Valentina-Camacho-1.jpg&#8220; alt=&#8220;Violina Petrychenko, Piano&#8220; title_text=&#8220;Adi-Valentina-Camacho&#8220; _builder_version=&#8220;4.27.4&#8243; width=&#8220;100%&#8220; max_width=&#8220;296px&#8220; hover_enabled=&#8220;0&#8243; global_colors_info=&#8220;{}&#8220; sticky_enabled=&#8220;0&#8243;][\/et_pb_image][et_pb_text _builder_version=&#8220;4.27.4&#8243; hover_enabled=&#8220;0&#8243; global_colors_info=&#8220;{}&#8220; sticky_enabled=&#8220;0&#8243;]<\/p>\n<p class=\"Standard\" style=\"text-align: justify;\">Adi Valentina Camacho received her first piano lessons at the age of four in her hometown of Cali, Colombia.<o:p><\/o:p><\/p>\n<p class=\"Standard\" style=\"text-align: justify;\">She has won various piano competitions, including the 2013 International Piano Competition &#8222;Young Talents&#8220; in Cuenca, Ecuador, and the &#8222;Young Interpreters&#8220; competition of the state bank &#8222;Banco de la Rep\u00fablica&#8220; and the state library &#8222;Luis \u00c1ngel Arango&#8220; in 2014-2015. Adi was a finalist in the Mar\u00eda Clara Cullel competition in Costa Rica and received the 1st prize twice at the Piano Competition for Young Pianists, as well as a special mention and award for the best interpretation of a Latin American composition (Regional Competition at the University of Valle, Colombia in 2009 and 2011).<o:p><\/o:p><\/p>\n<p class=\"Standard\" style=\"text-align: justify;\">She has performed at significant festivals in Colombia as well as in the concert series &#8222;Beethoven 7:30&#8220; at the Antonio Mar\u00eda Valencia Conservatory, at the Wuppertal Music Forum, and at the Summer Music Academy of the University of Colorado Boulder, USA.<o:p><\/o:p><\/p>\n<p class=\"Standard\" style=\"text-align: justify;\">In 2024, Adi completed her studies at the Hochschule f\u00fcr Musik und Tanz K\u00f6ln. Since 2019, she has participated in the digital music education project &#8222;Taki Digital&#8220; and has been giving piano lessons since 2019.<o:p><\/o:p><\/p>\n<p>[\/et_pb_text][\/et_pb_column][\/et_pb_row][\/et_pb_section]<\/p>\n","protected":false},"excerpt":{"rendered":"<p>Adi Valentina Camacho, PianoAdi Valentina Camacho received her first piano lessons at the age of four in her hometown of Cali, Colombia. She has won various piano competitions, including the 2013 International Piano Competition &#8222;Young Talents&#8220; in Cuenca, Ecuador, and the &#8222;Young Interpreters&#8220; competition of the state bank &#8222;Banco de la Rep\u00fablica&#8220; and the state [&hellip;]<\/p>\n","protected":false},"author":1,"featured_media":0,"parent":0,"menu_order":0,"comment_status":"closed","ping_status":"closed","template":"","meta":{"_et_pb_use_builder":"on","_et_pb_old_content":"","_et_gb_content_width":"","footnotes":""},"_links":{"self":[{"href":"https:\/\/bieler-akademie.de\/index.php?rest_route=\/wp\/v2\/pages\/845"}],"collection":[{"href":"https:\/\/bieler-akademie.de\/index.php?rest_route=\/wp\/v2\/pages"}],"about":[{"href":"https:\/\/bieler-akademie.de\/index.php?rest_route=\/wp\/v2\/types\/page"}],"author":[{"embeddable":true,"href":"https:\/\/bieler-akademie.de\/index.php?rest_route=\/wp\/v2\/users\/1"}],"replies":[{"embeddable":true,"href":"https:\/\/bieler-akademie.de\/index.php?rest_route=%2Fwp%2Fv2%2Fcomments&post=845"}],"version-history":[{"count":12,"href":"https:\/\/bieler-akademie.de\/index.php?rest_route=\/wp\/v2\/pages\/845\/revisions"}],"predecessor-version":[{"id":981,"href":"https:\/\/bieler-akademie.de\/index.php?rest_route=\/wp\/v2\/pages\/845\/revisions\/981"}],"wp:attachment":[{"href":"https:\/\/bieler-akademie.de\/index.php?rest_route=%2Fwp%2Fv2%2Fmedia&parent=845"}],"curies":[{"name":"wp","href":"https:\/\/api.w.org\/{rel}","templated":true}]}}